e the greatest common factor of 184075 and 11238525.
4975
What is the greatest common divisor of 2400 and 33434400?
2400
Calculate the greatest common divisor of 65062536 and 8228.
748
Calculate the highest common factor of 48 and 885754392.
24
Calculate the greatest common divisor of 148 and 23288170.
74
What is the highest common divisor of 24 and 107826?
6
Calculate the highest common factor of 61496407 and 1634.
817
Calculate the highest common divisor of 218595500 and 5500.
500
Calculate the highest common divisor of 13481 and 3077.
17
Calculate the greatest common divisor of 14458866 and 426.
426
Calculate the greatest common divisor of 7326 and 617346.
18
What is the greatest common factor of 53820 and 359145?
1035
What is the highest common divisor of 372 and 114919976?
124
What is the highest common divisor of 1742054683 and 37?
37
What is the greatest common factor of 14115180 and 1720?
860
Calculate the greatest common factor of 62107 and 55645.
359
What is the greatest common divisor of 4856235 and 2526?
1263
What is the greatest common divisor of 27 and 17809281?
27
What is the highest common factor of 84 and 231357882?
42
Calculate the greatest common divisor of 1210144 and 27248.
208
What is the highest common divisor of 98668414 and 393?
131
What is the greatest common factor of 480 and 6623880?
120
What is the greatest common divisor of 1862826 and 224?
14
Calculate the greatest common divisor of 1761535 and 13133.
571
Calculate the greatest common factor of 77634 and 115767.
171
Calculate the greatest common factor of 6248 and 44527934.
1562
Calculate the greatest common factor of 6666711 and 114849.
5469
Calculate the highest common factor of 22385 and 12274240.
605
What is the highest common divisor of 1765 and 1224604655?
1765
Calculate the highest common divisor of 58 and 1473809.
29
What is the highest common factor of 101180018 and 1084?
542
Calculate the greatest common divisor of 56 and 36988168.
56
What is the greatest common divisor of 147298196 and 26848?
3356
What is the highest common factor of 481892 and 502?
2
What is the highest common factor of 603 and 11810157?
201
What is the greatest common divisor of 567 and 46235?
7
What is the greatest common divisor of 114 and 254309528?
38
Calculate the greatest common factor of 719039 and 3504910.
463
Calculate the greatest common divisor of 159843890 and 2158.
166
What is the greatest common divisor of 4291 and 117417698?
613
What is the highest common factor of 16689040 and 10?
10
Calculate the highest common divisor of 70076724 and 1356.
1356
Calculate the greatest common factor of 38675 and 41405.
455
Calculate the greatest common factor of 1425 and 14003.
19
What is the highest common factor of 37772 and 10918096?
1988
Calculate the highest common divisor of 1231535 and 6095.
115
Calculate the highest common factor of 924 and 39107838.
462
Calculate the greatest common factor of 477496341 and 126.
63
What is the highest common factor of 660 and 17406?
6
What is the greatest common factor of 20 and 267329135?
5
Calculate the highest common factor of 174120930 and 522.
522
Calculate the greatest common factor of 24381 and 294671475.
2709
Calculate the highest common divisor of 2963812119 and 863.
863
Calculate the greatest common divisor of 8 and 15338744.
8
Calculate the highest common factor of 198 and 14729517.
99
What is the greatest common divisor of 1510 and 75940?
10
Calculate the greatest common factor of 184691694 and 44.
22
Calculate the highest common factor of 2480710 and 310.
10
What is the greatest common factor of 171 and 1551461397?
57
What is the highest common factor of 18 and 208964454?
6
What is the highest common factor of 24334680 and 96552?
3576
What is the highest common divisor of 4436955 and 1161?
387
Calculate the highest common divisor of 1210 and 1410010.
10
Calculate the greatest common divisor of 13334 and 8588.
226
What is the greatest common factor of 3843 and 21585277?
427
Calculate the greatest common divisor of 7566 and 3255902.
2522
Calculate the greatest common factor of 324 and 445702986.
162
Calculate the greatest common divisor of 3897780 and 24507.
1167
Calculate the greatest common divisor of 1597835910 and 309.
309
What is the highest common factor of 206 and 3356358?
206
What is the greatest common divisor of 1094 and 734857304?
1094
Calculate the greatest common divisor of 1168 and 21693264.
1168
What is the greatest common divisor of 3626 and 525280?
98
Calculate the greatest common divisor of 2818972 and 1987752.
1196
What is the highest common factor of 63523 and 20305881?
457
Calculate the greatest common divisor of 47947222 and 19.
19
Calculate the highest common factor of 1640782 and 4.
2
What is the greatest common factor of 3737 and 3366229?
101
What is the greatest common divisor of 2249 and 592943?
13
What is the highest common divisor of 141864877 and 847?
847
Calculate the greatest common factor of 276 and 1186068.
12
Calculate the greatest common factor of 6962 and 166.
2
Calculate the highest common divisor of 4721322 and 186.
6
What is the highest common divisor of 1007 and 320187734?
1007
Calculate the greatest common factor of 2221898 and 154.
14
What is the highest common divisor of 124 and 864?
4
Calculate the highest common factor of 1874378 and 5522.
22
What is the greatest common divisor of 134845 and 26075?
745
What is the highest common factor of 153910359 and 579?
579
What is the greatest common factor of 3743910 and 30600?
1530
What is the highest common factor of 6546940 and 148?
4
What is the highest common factor of 26422 and 2678230?
2402
What is the greatest common factor of 1863 and 201135?
69
Calculate the greatest common divisor of 4684 and 354868037.
1171
Calculate the greatest common factor of 2084794 and 605568.
3154
Calculate the greatest common factor of 3024 and 5103.
189
What is the greatest common divisor of 13559 and 408876?
13
Calculate the greatest common factor of 6539095 and 8015.
1145
Calculate the greatest common factor of 4176 and 7202208.
1392
Calculate the highest common divisor of 17018804 and 46.
46
Calculate the greatest common factor of 766055 and 1051405.
2195
Calculate the greatest common factor of 1272 and 584936514.
318
Calculate the greatest common divisor of 1194 and 60221181.
597
Calculate the greatest common factor of 220935812 and 568.
284
What is the greatest common divisor of 24065354 and 122?
122
Calculate the highest common divisor of 15839684 and 28.
28
What is the greatest common factor of 51763982 and 1532?
766
Calculate the greatest common divisor of 50 and 279614.
2
Calculate the greatest common factor of 455796 and 243.
9
What is the greatest common factor of 581859 and 53091?
153
Calculate the highest common divisor of 132822024 and 24.
24
What is the highest common divisor of 17725076 and 128?
4
Calculate the highest common divisor of 219 and 3400267.
73
What is the greatest common divisor of 1104 and 16471887?
69
What is the highest common factor of 19034 and 309194?
62
Calculate the highest common divisor of 14718 and 132187.
11
What is the greatest common factor of 626733 and 2313?
9
What is the greatest common divisor of 56406 and 104790?
42
Calculate the highest common divisor of 34689853 and 3501.
389
Calculate the highest common factor of 1416109572 and 10917.
10917
Calculate the highest common divisor of 310260661 and 2779.
397
What is the greatest common divisor of 42159 and 7533489?
3243
What is the greatest common divisor of 4864748 and 252?
28
What is the highest common factor of 5929 and 30481?
11
What is the highest common factor of 3098084 and 8131?
173
What is the highest common divisor of 507307 and 139157?
37
What is the greatest common factor of 845301012 and 8?
4
What is the greatest common factor of 4116904 and 23232?
968
What is the highest common factor of 6758 and 3014626?
62
What is the greatest common divisor of 44546739 and 191?
191
Calculate the greatest common divisor of 24816 and 13106984.
4136
Calculate the highest common factor of 99420 and 4740.
60
What is the greatest common divisor of 221651 and 2333948?
529
Calculate the highest common divisor of 1145 and 761094095.
1145
Calculate the greatest common di